{"version":"1.0","provider_name":"Kultur Online TV &amp; FM","provider_url":"https:\/\/kulturonline.tv\/de\/","title":"Wallraf-Bibliothek mit fast 1000 geretteten B\u00fcchern - Kultur Online TV &amp; FM","type":"rich","width":600,"height":338,"html":"<blockquote class=\"wp-embedded-content\" data-secret=\"lSFZH3SY0k\"><a href=\"https:\/\/kulturonline.tv\/de\/wallraf-bibliothek-mit-fast-1000-geretteten-buechern\/\">Wallraf-Bibliothek mit fast 1000 geretteten B\u00fcchern<\/a><\/blockquote><iframe sandbox=\"allow-scripts\" security=\"restricted\" src=\"https:\/\/kulturonline.tv\/de\/wallraf-bibliothek-mit-fast-1000-geretteten-buechern\/embed\/#?secret=lSFZH3SY0k\" width=\"600\" height=\"338\" title=\"&#8222;Wallraf-Bibliothek mit fast 1000 geretteten B\u00fcchern&#8220; &#8212; Kultur Online TV &amp; FM\" data-secret=\"lSFZH3SY0k\" frameborder=\"0\" marginwidth=\"0\" marginheight=\"0\" scrolling=\"no\" class=\"wp-embedded-content\"><\/iframe><script>\n\/*! This file is auto-generated *\/\n!function(d,l){\"use strict\";l.querySelector&&d.addEventListener&&\"undefined\"!=typeof URL&&(d.wp=d.wp||{},d.wp.receiveEmbedMessage||(d.wp.receiveEmbedMessage=function(e){var t=e.data;if((t||t.secret||t.message||t.value)&&!\/[^a-zA-Z0-9]\/.test(t.secret)){for(var s,r,n,a=l.querySelectorAll('iframe[data-secret=\"'+t.secret+'\"]'),o=l.querySelectorAll('blockquote[data-secret=\"'+t.secret+'\"]'),c=new RegExp(\"^https?:$\",\"i\"),i=0;i<o.length;i++)o[i].style.display=\"none\";for(i=0;i<a.length;i++)s=a[i],e.source===s.contentWindow&&(s.removeAttribute(\"style\"),\"height\"===t.message?(1e3<(r=parseInt(t.value,10))?r=1e3:~~r<200&&(r=200),s.height=r):\"link\"===t.message&&(r=new URL(s.getAttribute(\"src\")),n=new URL(t.value),c.test(n.protocol))&&n.host===r.host&&l.activeElement===s&&(d.top.location.href=t.value))}},d.addEventListener(\"message\",d.wp.receiveEmbedMessage,!1),l.addEventListener(\"DOMContentLoaded\",function(){for(var e,t,s=l.querySelectorAll(\"iframe.wp-embedded-content\"),r=0;r<s.length;r++)(t=(e=s[r]).getAttribute(\"data-secret\"))||(t=Math.random().toString(36).substring(2,12),e.src+=\"#?secret=\"+t,e.setAttribute(\"data-secret\",t)),e.contentWindow.postMessage({message:\"ready\",secret:t},\"*\")},!1)))}(window,document);\n<\/script>\n","thumbnail_url":"https:\/\/kulturonline.tv\/wp-content\/uploads\/2022\/11\/496px-Ferdinand_Franz_Wallraf_Egidius_Mengelberg-Kultur-Online-TV-edited.jpg","thumbnail_width":496,"thumbnail_height":279,"description":"Ziel ist es, bis zum 200. Todestag Wallrafs im Jahr 2024 seine gesamte Bibliothek instand zu setzen und die wertvollen Kulturobjekte damit wieder im Lesesaal Historische Sammlungen zur Verf\u00fcgung stellen zu k\u00f6nnen. Geplant sind dann Ausstellungen in K\u00f6ln und Berlin."}

Wallraf-Bibliothek mit fast 1000 geretteten Büchern - Kultur Online TV &amp; FM

<blockquote class="wp-embedded-content" data-secret="lSFZH3SY0k"><a href="https://kulturonline.tv/de/wallraf-bibliothek-mit-fast-1000-geretteten-buechern/">Wallraf-Bibliothek mit fast 1000 geretteten Büchern</a></blockquote><iframe sandbox="allow-scripts" security="restricted" src="https://kulturonline.tv/de/wallraf-bibliothek-mit-fast-1000-geretteten-buechern/embed/#?secret=lSFZH3SY0k" width="600" height="338" title="&#8222;Wallraf-Bibliothek mit fast 1000 geretteten Büchern&#8220; &#8212; Kultur Online TV &amp; FM" data-secret="lSFZH3SY0k" frameborder="0" marginwidth="0" marginheight="0" scrolling="no" class="wp-embedded-content"></iframe><script>
/*! This file is auto-generated */
!function(d,l){"use strict";l.querySelector&&d.addEventListener&&"undefined"!=typeof URL&&(d.wp=d.wp||{},d.wp.receiveEmbedMessage||(d.wp.receiveEmbedMessage=function(e){var t=e.data;if((t||t.secret||t.message||t.value)&&!/[^a-zA-Z0-9]/.test(t.secret)){for(var s,r,n,a=l.querySelectorAll('iframe[data-secret="'+t.secret+'"]'),o=l.querySelectorAll('blockquote[data-secret="'+t.secret+'"]'),c=new RegExp("^https?:$","i"),i=0;i<o.length;i++)o[i].style.display="none";for(i=0;i<a.length;i++)s=a[i],e.source===s.contentWindow&&(s.removeAttribute("style"),"height"===t.message?(1e3<(r=parseInt(t.value,10))?r=1e3:~~r<200&&(r=200),s.height=r):"link"===t.message&&(r=new URL(s.getAttribute("src")),n=new URL(t.value),c.test(n.protocol))&&n.host===r.host&&l.activeElement===s&&(d.top.location.href=t.value))}},d.addEventListener("message",d.wp.receiveEmbedMessage,!1),l.addEventListener("DOMContentLoaded",function(){for(var e,t,s=l.querySelectorAll("iframe.wp-embedded-content"),r=0;r<s.length;r++)(t=(e=s[r]).getAttribute("data-secret"))||(t=Math.random().toString(36).substring(2,12),e.src+="#?secret="+t,e.setAttribute("data-secret",t)),e.contentWindow.postMessage({message:"ready",secret:t},"*")},!1)))}(window,document);
</script>

Ziel ist es, bis zum 200. Todestag Wallrafs im Jahr 2024 seine gesamte Bibliothek instand zu setzen und die wertvollen Kulturobjekte damit wieder im Lesesaal Historische Sammlungen zur Verfügung stellen zu können. Geplant sind dann Ausstellungen in Köln und Berlin.
